 = -5*s + 2*n. Let w(h) = 12*h - 14. Give w(s).
34
Let b(y) = y. Let i(p) = -p**2 + 3*p + 2. Let m be i(4). Let x(d) = -d**3 - 4*d**2 + 12*d - 15. Let z be x(-6). Let a be m/(-5) - (-66)/z. Give b(a).
-4
Let f(t) = -t**3 - 7*t**2 - 9*t - 2. Let s(i) = -i**2 + 16*i + 9. Let h be s(16). Suppose -h*d + 3*d - 36 = 0. What is f(d)?
16
Let b(i) = i**3 - 12*i**2 - 12*i - 11. Let o be b(13). Let z(m) = 5 + 20*m**2 - 27*m**o + 8*m + 6*m**2. Determine z(5).
20
Let f(m) = -2*m**3. Let b = 3 + -6. Let a = 13 + b. Let h = -9 + a. What is f(h)?
-2
Suppose 7*b - 64 = 6*b. Let t(f) = b + 0*f + f + 0*f - 60. Give t(-3).
1
Let z = -881 - -879. Let s(m) = 4*m + 6. What is s(z)?
-2
Let d(t) be the third derivative of t**5/60 + 11*t**3/6 - 35*t**2. Let h(r) be the first derivative of d(r). Let s be (2/(-4))/((-2)/16). Give h(s).
8
Let h(w) = -w**2 + 15*w - 9. Let n(j) = j**2 - 17*j + 10. Let x(q) = -6*h(q) - 5*n(q). What is x(4)?
0
Let r(j) be the first derivative of 16*j**2 + 36 + 8*j + 2*j - 8*j - 14*j**2. Give r(4).
18
Let y(s) = -s + 14. Let c = 59 - 17. Let m = -64 + c. Let l = m - -22. What is y(l)?
14
Suppose 0 = -2*f - 4*a + 76, -5*f - 69 = 5*a - 259. Suppose 4*t - f + 18 = 0. Let u(q) = -6*q + q - 5 + 4*q**2 - t*q**2. Calculate u(-6).
-11
Let s(i) = -17*i**3 - 7*i**2 - 10*i + 22. Let n(h) = 12*h**3 + 4*h**2 + 7*h - 15. Let x(a) = 7*n(a) + 5*s(a). Give x(-6).
-25
Let v(q) = 8*q + 7. Let t(l) = -10*l - 11. Let n(w) = -3*t(w) - 4*v(w). Calculate n(8).
-11
Let x(n) = -n**2 - 4*n + 8. Let p be x(-6). Let v(u) be the third derivative of u**6/120 + u**5/10 + u**4/6 - u**3/2 - 42*u**2. Give v(p).
13
Let b(t) = 5*t**2 + t. Let i be b(1). Let o be 1/((-1)/i*-2). Suppose -5*f + o*f + 19 = -3*g, -4*g = 5*f + 10. Let r(a) = a**3 + 5*a**2 + 5. What is r(g)?
5
Let q(k) = 34189*k - 3 - 34190*k + 5. Suppose 2*m = m - 2. Let o = 5 + m. Give q(o).
-1
Let x(d) = d**2 + 12*d - 1. Let b = 365 + -376. Give x(b).
-12
Suppose -3*f = 3*i + 32 - 5, 4*i + 3*f + 38 = 0. Let t be (i/(-33))/(2 + 33/(-18)). Let a(o) = 4*o - 3. Give a(t).
5
Let v(p) = p + 3. Let b be v(-2). Let j(c) = -c**2 + c - 1. Let g(n) = 0*n - 5*n + 3*n + 0*n - 5*n**2. Let k(y) = b*g(y) - 3*j(y). Give k(-4).
-9
Let r(x) = -1098 - 1094 + 2204 - x**2 + 7*x. Calculate r(6).
18
Suppose 8 = -2*k - z - 5, 3*z = 2*k + 33. Let j(f) = 11 - 4*f - f + f - f**2 - 5*f. Give j(k).
11
Let a = -70 - -76. Let d(y) be the second derivative of y**5/60 - 7*y**4/24 - 2*y**3/3 + y**2 + 3*y. Let p(g) be the first derivative of d(g). Determine p(a).
-10
Let i(n) = -5*n**2 - 2*n + 1. Suppose 19*y + 150 = 25*y. Suppose 23 = -2*k - 5*p, -3*p = -8*p - y. Determine i(k).
-6
Let s be (700/(-105))/((-3)/((-36)/(-10))). Let z(m) = -2*m + 9. What is z(s)?
-7
Let t(p) = -p - 1. Let g(s) = -3*s - 4. Let b(i) = -2*g(i) + 7*t(i). Suppose 3*a + 3*c = c - 242, 4*a = 5*c - 315. Let y = -84 - a. What is b(y)?
5
Suppose -l - 11 = l + 5*k, -5*l + 19 = -3*k. Let o(c) = c**2 + 12*c + 11. Let t be o(-11). Let s(j) = t*j + 0*j + j - 3 + j. Determine s(l).
1
Let a(v) = -v**2 - 9*v - 14. Let m be ((-255)/(-102))/(1/(-4)). Give a(m).
-24
Let f = -1 + 0. Let j(m) = -m**3 + 17*m**2 - 3*m + 1. Let t(q) = q**3 - 20*q**2 + 4*q - 1. Let h(z) = -6*j(z) - 5*t(z). Determine h(f).
-2
Let i(g) = -g**3 + 6*g**2 - 6*g + 6. Suppose -2*b + 9 - 1 = 0. Suppose 2*r - 5*t = -17, -2*r - 2*t = -b - 14. Determine i(r).
14
Let t(o) = -o**2 + 6*o - 6. Suppose -l + 2*l - 61 = 2*p, 2*l - 104 = -2*p. Let z = -51 + l. Give t(z).
2
Let g(r) = 7*r**2 - 18*r + 4. Let n(w) = -13*w**2 + 35*w - 9. Let j(c) = 11*g(c) + 6*n(c). Calculate j(12).
-10
Let u(o) be the first derivative of 0*o - 5 + 3*o**2 + 1/6*o**3 - 1/8*o**4. Let y(i) be the second derivative of u(i). Determine y(1).
-2
Suppose -4145*s = -4155*s - 70. Let w(p) = 4*p + 35. Determine w(s).
7
Let h(v) = -6*v - 4. Let b(k) = -k**3 - 17*k**2 + 18*k + 4. Let x be b(-18). What is h(x)?
-28
Let r(q) = 2 + 9 - 16 + 7 - q. Let a = -13 + 17. Calculate r(a).
-2
Let r(j) be the second derivative of 11*j**7/840 + j**6/180 - j**4/24 - 7*j**3/2 + 31*j. Let p(f) be the second derivative of r(f). What is p(1)?
12
Let i(y) = 2*y**2 + y + 3. Let m(c) = 5*c**2 + 2*c + 7. Let h(f) = 7*i(f) - 3*m(f). Suppose 0 = 5*v - 13 - 2. Let j be 13/v + (-7)/21. Determine h(j).
-12
Let o(m) = -m - 8. Suppose -192 + 126 = 6*a. What is o(a)?
3
Let d(j) = -2*j + 4*j + 7*j - 19 - 26 - 15. Determine d(6).
-6
Let i(k) = 8*k - 11. Let j(f) = -12*f + 16. Let d(o) = 7*i(o) + 5*j(o). Calculate d(2).
-5
Let p(y) = -y - 16. Suppose 0 = 11*t - 13*t - 28. Determine p(t).
-2
Let w(g) = -g**3 + 5*g**2 - 6*g + 5. Let d = 0 + 4. Let h be (d/8)/(2/28). Suppose -h + 15 = 2*b. What is w(b)?
-3
Let i(n) = -2*n**3 + 5*n**2 - 4*n - 4. Let a(o) = o**3 - 6*o**2 + 3*o + 3. Let j(l) = -3*a(l) - 2*i(l). Give j(-8).
7
Suppose 5*s = 5*p - p - 181, 5*s = 3*p - 177. Suppose d + 0*d + 23 = 4*i, 3*d + 83 = 5*i. Let o = s - d. Let w(t) = t**3 + 2*t**2 - t. Determine w(o).
2
Let w(v) = -5*v + 3. Let t(n) = 7*n - 4. Let k(p) = -4*t(p) - 6*w(p). Calculate k(-4).
-10
Let l be 6*(4/8)/(2/(-4)). Let o(c) = -c**3 - 6*c**2 - 3*c - 9. Calculate o(l).
9
Let n(w) = -w**2 + 7*w - 11. Let a be -2 + -2 + 9*(-4)/(-3). Determine n(a).
-19
Let r be (-1)/1 + (-2)/1. Let h = -4 - r. Let m be 2 + -1 - (-6)/h. Let q(i) = -i**3 - 4*i**2 + 3*i - 5. Calculate q(m).
5
Let g(l) = l**3 + l**2 + l - 5. Suppose 0 = 2*i + 5*v - 9, -3*i + v = -2*v - 66. Suppose -148 = 59*b - 1151. Let r = i - b. Give g(r).
-5
Let x(v) = v**3 - 5*v**2 + 4*v - 3. Let y be 20/2*(-62)/5. Let p be (y/(-8))/(2/(-4)). Let c = p + 35. Determine x(c).
-3
Let c(f) = 8*f**2 - 2*f + 1. Let d = -9 - -6. Let w be -2 - 9*2/d. Suppose y - 3*b = 3*y + w, y = b + 3. Give c(y).
7
Let q(r) = -3*r + 40. Let t = -829 + 847. What is q(t)?
-14
Let b(n) be the second derivative of -n**5/20 - n**4/4 + 2*n**3/3 + 5*n**2/2 + n. Suppose 0 = w + 5*w - 216. Let z be (w/54)/((-1)/6). What is b(z)?
5
Let r(l) be the first derivative of -l**3/3 - 3*l**2 - 18. Give r(-8).
-16
Let v(w) = -22*w - 21*w + 60*w - 15*w + 12. Let o(x) = x + 6. Let s(i) = 5*o(i) - 2*v(i). What is s(0)?
6
Let u(g) = 16*g + 442. Let a be u(-28). Let l(i) = -i**3 - 8*i**2 - 13*i - 3. Give l(a).
3
Suppose -4*g + 2*g - 14 = 0. Let p(f) = -29*f + 55. Let m(y) = -16*y + 30. Let v(l) = -11*m(l) + 6*p(l). Give v(g).
-14
Let v(a) = 3*a + 11. Let y(d) = -d**3 - d**2 - 15*d - 6. Let p be y(0). Determine v(p).
-7
Let y(n) be the second derivative of -n**4/12 - n**3/6 + 7*n. Let g(b) = 6*b**2 + 7*b. Let d(j) = g(j) + 5*y(j). Determine d(-4).
8
Let k(c) = -6*c - 14. Let d(q) = -q - 4. Let y(h) = 3*d(h) - k(h). What is y(-6)?
-16
Let d be 6/((-432)/(-78)) + -1. Let m(q) be the second derivative of 2/3*q**3 - d*q**4 + 6*q + 0 + q**2. Determine m(4).
2
Let o(v) = 33*v + 95. Let q be o(-3). Let y(d) = -4*d**2 - d**3 + d + 0 - 2*d + 1. What is y(q)?
5
Let q(c) = c + 1. Let z = -34 - -49. Suppose z = 6*v - 3. Determine q(v).
4
Let z(l) be the first derivative of -5*l - 4*l**2 - l**2 - 1 + 4*l**2. Give z(-6).
7
Let l(d) = -2*d**2 + 5*d - 13. Let b(g) = 2*g**2 - 6*g + 13. Let c(s) = -3*b(s) - 2*l(s). What is c(3)?
-7
Let r(o) = -8*o**3 + o**2 + 2*o + 1. Let k = 7 - 5. Let s be (-1 - -4)/(-6)*k. Give r(s).
8
Let f(c) = -4*c + 16. Let k be (-22)/3*(102/12 - 10). What is f(k)?
-28
Let f = -1435 - -1438. Let d(a) = 4*a - 3. Determine d(f).
9
Let u be 0*(0 - (-4)/(-8)). Suppose 6*p - 2*p - 12 = u. Let b(k) = -p*k**3 - 8*k - 1 - k - 6*k**2 + 4*k**3 + k. Calculate b(7).
-8
Let i(o) = 5*o**3 + 0*o - 3*o**3 - 6*o**2 + 5 - 2*o**3 + 8*o - o**3. What is i(-6)?
-43
Let n(i) = i - 4. Suppose -5*f + 27 = 2*z, -2*z + 0*z - 8 = -2*f. Suppose 0*w - 5*r - 34 = 2*w, f*r = w - 13. Calculate n(w).
-11
Let u(s) = -s - 5*s + 4*s + s. Let x(z) = 26*z + 75. Let j(o) = -5*o - 15. Let m(h) = 11*j(h) + 2*x(h). Let k(a) = -m(a) + 2*u(a). Calculate k(0).
15
Let s(w) = -2*w + 1. Suppose 0 = 3*z + 19*t - 16*t - 18, 0 = -2*z + t - 3. Determine s(z).
-1
Let u(q) = 3*q - 2. Let n(h) = -h + 1. Let d(j) = -2*n(j) - u(j). Let p(w) = 2*w**2 + 1. Let m be p(-1). Let b = 2 + m. Give d(b).
-5
Let w(s) = -165*s + 0 + 338*s - 171*s + 24 + 3. What is w(0)?
27
Let o(j) = -j**3 - 18*j**2 - 6. Let m = 118 - 136. What is o(m)?
-6
Let v(o) be the first derivative of o**4/4 - 2*o